{"id":2,"date":"2025-11-25T20:38:42","date_gmt":"2025-11-25T20:38:42","guid":{"rendered":"https:\/\/vallealnatural.com.mx\/?page_id=2"},"modified":"2025-11-27T22:22:27","modified_gmt":"2025-11-27T22:22:27","slug":"sample-page","status":"publish","type":"page","link":"https:\/\/vallealnatural.com.mx\/index.php\/sample-page\/","title":{"rendered":"\u00a1Con\u00f3cenos!"},"content":{"rendered":"\t\t<div data-elementor-type=\"wp-page\" data-elementor-id=\"2\" class=\"elementor elementor-2\">\n\t\t\t\t<div class=\"elementor-element elementor-element-422c0ee5 e-flex e-con-boxed e-con e-parent\" data-id=\"422c0ee5\" data-element_type=\"container\" data-e-type=\"container\">\n\t\t\t\t\t<div class=\"e-con-inner\">\n\t\t\t\t<div class=\"elementor-element elementor-element-163d1e64 elementor-widget elementor-widget-text-editor\" data-id=\"163d1e64\" data-element_type=\"widget\" data-e-type=\"widget\" data-widget_type=\"text-editor.default\">\n\t\t\t\t\t\t\t\t\t\n<p class=\"has-text-align-center\"><strong>Misi\u00f3n<\/strong><\/p>\n\n<p class=\"has-text-align-center\"><strong>\u00a0Brindar la mejor experiencia de viaje a nuestros clientes que reservan a trav\u00e9s de nuestras redes sociales y p\u00e1gina web oficial <a href=\"http:\/\/www.vallealnatural.com.mx\">www.vallealnatural.com.mx<\/a>; y as\u00ed brindarles la certeza y tranquilidad, de que su dinero, hospedaje y\/o actividades tur\u00edsticas, estar\u00e1n seguras y listas al momento de su llegada.<\/strong><\/p>\n\n<p class=\"has-text-align-center\"><strong>Visi\u00f3n<\/strong><\/p>\n\n<p class=\"has-text-align-center\"><strong>Ser la plataforma digital de reservaciones tur\u00edsticas m\u00e1s confiable en Valle de Bravo; contar con el mejor y m\u00e1s amplio cat\u00e1logo de hoteles, posadas, casas; y actividades tur\u00edsticas de (aire, tierra y agua) que se ofrecen en este hermoso pueblo m\u00e1gico, y lograr as\u00ed que nuestros clientes vivan la mejor experiencia de viaje que \u00a1Valle al Natural! puede ofrecer.<\/strong><\/p>\n\n<figure class=\"wp-block-image size-large\"><img fetchpriority=\"high\" decoding=\"async\" class=\"wp-image-73 size-medium aligncenter\" src=\"https:\/\/vallealnatural.com.mx\/wp-content\/uploads\/2025\/11\/Conocenos-\u00b4portada-e1764281635979-300x189.jpg\" alt=\"\" width=\"300\" height=\"189\" srcset=\"https:\/\/vallealnatural.com.mx\/wp-content\/uploads\/2025\/11\/Conocenos-\u00b4portada-e1764281635979-300x189.jpg 300w, https:\/\/vallealnatural.com.mx\/wp-content\/uploads\/2025\/11\/Conocenos-\u00b4portada-e1764281635979-768x484.jpg 768w, https:\/\/vallealnatural.com.mx\/wp-content\/uploads\/2025\/11\/Conocenos-\u00b4portada-e1764281635979.jpg 1012w\" sizes=\"(max-width: 300px) 100vw, 300px\" \/><\/figure>\n\t\t\t\t\t\t\t\t<\/div>\n\t\t\t\t\t<\/div>\n\t\t\t\t<\/div>\n\t\t\t\t<\/div>\n\t\t","protected":false},"excerpt":{"rendered":"<p>Misi\u00f3n \u00a0Brindar la mejor experiencia de viaje a nuestros clientes que reservan a trav\u00e9s de nuestras redes sociales y p\u00e1gina web oficial www.vallealnatural.com.mx; y as\u00ed brindarles la certeza y tranquilidad,&hellip;<\/p>\n","protected":false},"author":1,"featured_media":73,"parent":0,"menu_order":0,"comment_status":"closed","ping_status":"closed","template":"","meta":{"footnotes":""},"class_list":["post-2","page","type-page","status-publish","has-post-thumbnail","hentry"],"_links":{"self":[{"href":"https:\/\/vallealnatural.com.mx\/index.php\/wp-json\/wp\/v2\/pages\/2","targetHints":{"allow":["GET"]}}],"collection":[{"href":"https:\/\/vallealnatural.com.mx\/index.php\/wp-json\/wp\/v2\/pages"}],"about":[{"href":"https:\/\/vallealnatural.com.mx\/index.php\/wp-json\/wp\/v2\/types\/page"}],"author":[{"embeddable":true,"href":"https:\/\/vallealnatural.com.mx\/index.php\/wp-json\/wp\/v2\/users\/1"}],"replies":[{"embeddable":true,"href":"https:\/\/vallealnatural.com.mx\/index.php\/wp-json\/wp\/v2\/comments?post=2"}],"version-history":[{"count":5,"href":"https:\/\/vallealnatural.com.mx\/index.php\/wp-json\/wp\/v2\/pages\/2\/revisions"}],"predecessor-version":[{"id":155,"href":"https:\/\/vallealnatural.com.mx\/index.php\/wp-json\/wp\/v2\/pages\/2\/revisions\/155"}],"wp:featuredmedia":[{"embeddable":true,"href":"https:\/\/vallealnatural.com.mx\/index.php\/wp-json\/wp\/v2\/media\/73"}],"wp:attachment":[{"href":"https:\/\/vallealnatural.com.mx\/index.php\/wp-json\/wp\/v2\/media?parent=2"}],"curies":[{"name":"wp","href":"https:\/\/api.w.org\/{rel}","templated":true}]}}